 - (7 - (9 + 4 - 2)).
33
Calculate (-8 - (1 + -4 - (-1 - 3))) + (2009 - 1976).
24
What is the value of 4 + 3 + -11 - (-3 + 1 + 56)?
-58
Calculate (1 - 19) + 119 + -108 - (-4 - -34).
-37
What is -2 - ((-1 - 82) + (-250 - -266) - -14)?
51
(-49 - (-53 - (19 - 26))) + -2 + (-1 - -106)
100
What is 16 - (9 + 7) - (6 + 31)?
-37
What is the value of -12 + -14 + 21 - 12 - -15?
-2
1 + (-15 - (92 - 9) - 12 - 4) - 13
-126
-9 - (7 + -102) - (-22 + 2 + -54 + 63)
97
Calculate (-205 + 208 - (-62 - (-2 - -4))) + -3.
64
Calculate (10 - 3 - 1) + 119 + -115 + 52.
62
33 + (-15 + -53 - -29)
-6
What is 43 + 0 - (-3 - (-39 - -28))?
35
Calculate 2 + -19 + 21 + 13 + (1 - 7 - -2).
13
What is 11 + -4 + (-24 - 24) + 193?
152
What is -6 + (86 - -4) + (32 - (4 - -43))?
69
Calculate 13 + 0 - (-28 + 2 + 43).
-4
What is -49 + (10 - -5 - 12 - -3)?
-43
Evaluate (8 - 0 - (-48 - -74)) + 28 - (0 + 10).
0
Calculate (77 - 87 - (10 - (8 + 9))) + 16.
13
Calculate 0 + 11 - (76 - 59 - 10).
4
What is (-2 - -4) + -30 + -6 + -42 + 24 + 20?
-32
Evaluate -22 - (23 - 24) - (-1 - -18).
-38
What is (-5 + 10 - -56) + 3 + 17 + -54 + 39?
66
Evaluate (-10 - -10 - -5 - 1 - -6) + -30.
-20
What is the value of -172 + (-207 - -377) - (114 - (-1 + -1 + 3))?
-115
Evaluate -9 + (-133 - -84) - -64.
6
Calculate 61 - ((-2 - (-33 - -6)) + -44).
80
What is the value of (-11 - -36 - 23) + -43 + -5 + -2?
-48
What is (8 - 61) + (-11 + 9 - (-8 - 7))?
-40
Evaluate -74 - -2 - (14 + 0 + (45 - (76 + -23))).
-78
Evaluate 127 + (5 - (10 + -4 + -5)) + 13 + -3.
141
What is the value of 9 + -52 + 12 + -16 + -5 + -7 + 5?
-54
-52 + -92 + 136 - (4 + -2 - 32)
22
Evaluate 3 - (3 - (6 - 12)) - (69 + 25).
-100
Calculate (1 - -68 - 11) + (-3 - (3 + -5)) + -6.
51
What is the value of -18 + 39 + -8 - 47?
-34
Evaluate 12 - (-48 - (-16 - 34) - (-1 + -11)).
-2
Evaluate -20 - 64 - -8 - 29.
-105
Calculate -41 + 20 - (-43 + -6).
28
-13 + (47 - 39) - -17
12
Evaluate -9 - -230 - (199 - 82).
104
-36 + (-13 - (-54 + 42))
-37
What is the value of -2 + -2 + 5 - (-91 + -5 - (25 - 17))?
105
Calculate 82 + -56 - -6 - 20.
12
Evaluate 419 + -422 + 0 + -1 + -2 + -16 + 16.
-6
Calculate 21 - (-6 - 48 - -13) - -23.
85
0 + (0 + 2 - 19) - -27
10
Calculate (6 - 13) + -5 + 37 + -59 + 41.
7
What is the value of 59 + -54 + 76 + -55?
26
Calculate -1 + 1 + -1 - (-1144 - -1146) - -18.
15
Calculate (27 - (233 - 108)) + 150.
52
Calculate -16 + 12 + -6 - -31 - 0.
21
What is the value of 21 + (5 - 10) - (-40 - (16 + 2))?
74
Calculate 3 - 13 - (13 + 67 - (-7 - -15)).
-82
What is -76 + 273 + (12 - 115)?
94
What is -79 + (133 - 158) - (2 - 43)?
-63
Calculate (51 - (-13 + -24 + 65)) + 87.
110
0 - (0 - 14) - (-38 - (38 + -28))
62
Evaluate 108 + -119 - (-12 - (1 + -3 - -1)).
0
What is the value of (-36 + -1 - -8) + (12 + -31 - -1)?
-47
Evaluate -31 + (-18 - 15 - -29) + -49.
-84
What is (-3 + 2 - 6) + 3 + -12 + 72 - -5?
61
(-17719 - -17706) + (0 - ((-3 - -2) + -14))
2
What is the value of -6 + -42 + (4 - -27) + -4 + 1?
-20
Evaluate 17 + (10 - (2 - -9) - 8) - 66 - 6.
-64
Calculate -98 - ((85 - 76) + -7 + -2).
-98
Evaluate 54 + -10 + 5 - 3.
46
(-1 - (-57 - -5)) + -4 + (-381 - -367)
33
What is -64 + -1 - (-88 - -56 - -17)?
-50
What is -97 - (8 + (-18 - 49))?
-38
Evaluate -411 + 418 + (19 - 6 - -7).
27
1175 - 1183 - (12 + 103)
-123
What is -115 + 95 + (0 - -11 - -74)?
65
What is the value of (20 - -24) + -20 - (1 - -61)?
-38
What is the value of -4 - (-1 - -11) - (-16 - -44)?
-42
29 + ((-2 - -6) + -4 + 12 - 8)
33
Calculate (12 - 42) + (30 + 8 - -23).
31
2 + -1 + -11 - ((-89 - 392) + 373)
98
What is (-4 - (10 - 9)) + (3 + -14 - 5)?
-21
Evaluate (16 + -7 - -35 - 25) + -26 + 3.
-4
What is (-334 - -366 - (-1 + -21)) + -11?
43
What is the value of -11 + (79 - ((-9 - -1) + (-82 - -86)))?
72
What is the value of -24 + (14 - 13) - -100 - 16?
61
Calculate -71 + (24 - -4) + 0 + 17.
-26
Calculate (100 - (1 + -1)) + 90 + 42 + -134.
98
-91 + (-12 - (-113 + 55))
-45
Calculate (5 - (-13 - -5) - (9 - -2)) + 1 + 14.
17
What is the value of (27 - 3 - 4) + -21 + 7 - -5?
11
What is 92 + (-324 - -147) + 86?
1
56 - (31 - -55) - -61
31
Evaluate (45 + 1 - 25) + (-5 - (7 + -15)).
24
Evaluate (-30 - -1) + 122 + -9 + -13.
71
What is -18 - (-61 + 181 + -103)?
-35
Evaluate -23 - ((-20 - (9 - (17 + 6))) + 9).
-26
What is 36 + (-13 + 7 - (-4 + 3))?
31
Evaluate 48 + -2 + 34 + (34 - 55).
59
What is 1 - (79 + -2 - (27 - (-29 + 45)))?
-65
29 + 115 + -48 + -47
49
Calculate -25 + (-8 - -19 - -1) + 90.
77
What is the value of -4 + (11 + 5 - 10 - (0 - -3 - 5))?
4
What is the value of 5 + (-18 - -24 - (-1 - (-8 + 4)))?
8
Calculate (211 - 135) + -12 + 4.
68
5 + (420 - 460 - (1 + 9))
-45
What is 2 - (-4 + -6) - (1311 - 1389)?
90
6 + (-9 + 5 + 19 - -15)
36
Evaluate -111 + -13 - -70 - 17.
-71
What is the value of 24 + 11 + -10 - (30 + -12)?
7
Evaluate (2 + (2 - 8) + (131 - 109) - 5) + 51.
64
Evaluate 55 + -85 + 67 + -6.
31
What is -10 - (-28 + -32 + 11 + -3 + -4)?
46
Evaluate -7 + -9 + ((-21 - -13) + 3 + -7 - -16).
-12
Calculate (-10 + 10 + 17 + -2 - 11) + -7.
-3
What is the value of 18 - (6 + 13 + (7 + (-28 - -14) - -2))?
4
Evaluate (-575 - -528) + (2 - -43).
-2
Calculate -4 - 21 - -50 - 11 - 13.
1
Calculate (5 - 187) + 3744 + -3659.
-97
-15 - (-14 - (6 - 14) - -25)
-34
Evaluate -5 + 22 + 74 + -11 + (13 - (15 - 4)).
82
What is -21 - (-19 - (-25 + -9 + 14))?
-22
What is 268 + -269 + (-1 - (-20 + -1 + 4))?
15
-4 - (9 - 28 - (-9 - 13))
-7
What is the value of 44 + -50 + 52 + -39?
7
What is (78 - 0 - (-8 - -14)) + (26 + -6 - 27)?
65
23 + (-174 - -64) + -9
-96
Calculate (93 - 30) + (-14 - -12).
61
What is (56 - 95) + -1 + 4 + (8 - -7)?
-21
125 - 134 - -8 - (0 - -21)
-22
Evaluate -29 - -6 - (-220 + 232).
-35
What is -276 + 239 + 32 + -16?
-21
Evaluate 1 - (2 + 1) - (104 + -66).
-40
What is 101 - 0 - (1052 + -994)?
43
Evaluate -43 - (-153 - -78) - 32.
0
(33 - -28) + -176 + 43
-72
7 + 34 + 10 + -8 - (9 + -23 + 7)
50
What is the value of -9 + (-1 - (-4 + 1)) + -8 + 2 + 43?
30
What is the value of -548 - -524 - (57 + (-4 - -6))?
-83
What is -150 + 264 + -104 - (-2 - (-141 - 0))?
-129
What is (13 - (-7 + 28)) + -2 - (29 - -7)?
-46
Calculate (11 - 5 - 4) + -7 + (23 - -3) + 19.
40
Calculate 5 - (-4 + 8 + 10) - (-10 + 41 + -31).
-9
What is the value of 70 + 130 + -151 + -55?
-6
What is the value of -20 - (11 - 0 - (-86 - 7 - -91))?
-33
What is the value of -65 + -16 + -7 + 10 - (97 + -90)?
-85
Calculate 14 + (0 + -61 - (-165 + 151)) + 4.
-29
Calculate 34 + (-28 - -52 - (5 - (-8 - (4 - 5)))).
46
Evaluate -12 + 0 + 21 + -5 + -8 + -18.
-22
What is the value of 20 + (45 - 92) - (12 + 0)?
-39
Calculate (0 - 72) + (-1771 - -1859).
16
Calculate (475 - 497) + (1 - -31).
10
Calculate -4 - (-61 - -55) - -23.
25
What is 303 + -327 + 2 + -18 + 4 + 1?
-35
Calculate -55 + 61 + -1 + 3 + -4 + -6.
-2
What is the value of 2 - -79 - (10 - (-7 + (3 - (3 + -7))))?
71
Evaluate -5 + (-56 + 75 - -37).
51
-8 + -6 - (13 + 6 + 6)
-39
What is (53 - 1) + (-36 - 44) + 83?
55
Calculate 463 + -512 - (-6 + 5 + -3).
-45
Calculate -36 + (32 + -7 - -4) + 86 + 1.
80
Evaluate 14 - (46 + (-47 - 7 - -29)).
-7
Calculate -4 + -23 - (1 + -129 - -99).
2
Calculate 2 + 11 - (-5 + (-11 + 8 - -3)).
18
22 + (31 - 20 - 29 - 14) - -14
4
28 + -54 + 23 - -16
13
What is 225 + (-143 + 91 - 48)?
125
Evaluate (10 - (75 + 0) - -6) + -1 + (-2 - -8).
-54
Calculate -15 - (9 + 14 + -31 + -75).
68
Evaluate -46 - (66 - 82) - (2 - (18 - (-1 + 5))).
-18
What is 5 - 1 - 4 - (-19 + (40 - -16))?
-37
Calculate 3 + 48 + -51 + 13.
13
What is (13 + -4 - 17) + 8 - (-133 + 4 + 6)?
123
What is the value of -21 - -131 - (-24 - -83)?
51
Calculate -139 + 147 + 0 + 66 + (-6 - (3 + 2)).
63
Evaluate (11 - 31) + -2 + -3 + 12.
-13
What is -4 - 23 - 7 - (221 + -145)?
-110
45 + -37 + (5 - 1) + (-4 - 3) + -81
-76
What is 12 + (-29 - (8 - 5)) + (17 - -16)?
13
(-16 + -30 - -46) + (-1 - -29) + 5 + -7
26
Evaluate 9 + (-1 - 0) - (-245 - -234).
19
Calculate 33 - (-8 + 13 - 6) - 19.
15
What is the value of -21 + -5 + 11 + 0 + 12 - -12?
9
What is -5 - (-1 + -20 + (-20 - (13 - 7)))?
42
What is 73 - (-5 + 0 + (-49 + 11 - -52))?
64
What is 73 - -21 - (-98 - -142)?
50
What is (53 - 3) + (-5 + 0 - (17 + -24))?
52
Evaluate (16 + 3 - 11) + (-1 - 14) - -85.
78
-25 - (15 - 59) - -49
68
Evaluate 26 - ((36 - 6) + -10 + 25).
-19
-58 